 t?
1
Let o(t) = 0*t - 4*t - 6 + 3 - 1. What is the remainder when 23 is divided by o(-3)?
7
What is the remainder when (1 + 0)/((-6)/(-90)) is divided by 9?
6
Suppose 0 = a - h + 5, a - 19 = 4*a - 4*h. Let x(r) = -r**2 + 5*r. Let t be x(5). Calculate the remainder when 13 is divided by a - -10 - (t - -2).
6
Let t(v) = v**3 - 11*v**2 - 23*v + 6. Calculate the remainder when t(13) is divided by 6.
3
Suppose g - 52 = -3*a + 5*g, -3*a + 54 = -3*g. Suppose 2*b = 44 + 70. Calculate the remainder when b is divided by a.
17
Let j(i) = i**2 - 2*i + 45. What is the remainder when j(0) is divided by (-4)/14 - 228/(-14)?
13
Calculate the remainder when 84 is divided by 51/((-2)/((-4)/6)).
16
Let x(q) = -6*q**2 + q + 2. Let t be x(2). What is the remainder when 32 is divided by 3 + (2 - 8) - t?
15
Let z = 64 + 1. Calculate the remainder when z is divided by 17.
14
Let c(j) = -j - 16. Let h be c(-11). Calculate the remainder when (2/4)/(h/(-130)) is divided by 5.
3
Suppose -28 = -4*f + 2*f. Let d(c) = -5 - 2*c**3 + 5 - 2*c - 4*c**2 + 1. Calculate the remainder when d(-3) is divided by f.
11
Let q = -23 - -16. Let b(x) = x**3 + 7*x**2 - x - 5. Let k be b(q). Calculate the remainder when 31 is divided by 1*(k - (-2 - 12)).
15
Suppose -3*k = 2*t - 23, -3 + 45 = 2*k - 4*t. What is the remainder when 54 is divided by k?
10
Suppose o - 2 + 3 = 0. Let d be (2 - 1)*(-6 - o). What is the remainder when d*(-4)/10*9 is divided by 10?
8
What is the remainder when 86 is divided by (-8 + 6)/(1/(-11))?
20
Suppose 0*h - 620 = -5*h. Suppose -3*t + 42 = -4*r - 106, 3*t = -2*r + h. Suppose -19 = 5*p - 134. What is the remainder when t is divided by p?
21
Let w = 0 + 2. Suppose 28 = w*t + 5*v, 2*t = 4*v + 69 - 23. Calculate the remainder when t is divided by 10.
9
Let p(j) = -j**3 + 9*j**2 - 8*j + 7. Let l = -13 + 21. Calculate the remainder when 19 is divided by p(l).
5
Suppose 0 = -j + 4*j - 24. Let z = j + -2. Let t = z - 1. Calculate the remainder when 14 is divided by t.
4
Suppose 4*i - 3*i = 0. Suppose 22 = x + x - 2*g, 3*x + 3*g - 57 = i. Calculate the remainder when 59 is divided by x.
14
Suppose -3*c - 2*f = -49, 0*c = -c + 3*f + 9. What is the remainder when c is divided by (-8)/3*(3 - 6)?
7
Let h(s) = 3*s**2 - 2*s. Calculate the remainder when h(3) is divided by 6.
3
Let a(w) = 0*w + 2*w + 7 + w**2 + 0*w. Let u(f) = f**2 + 3*f + 2. Calculate the remainder when a(-5) is divided by u(-5).
10
Calculate the remainder when -90*((-35)/30 - 1/2) is divided by 17.
14
Let l = -31 + 43. Let j = l + -6. Suppose 2 - 22 = -5*z. Calculate the remainder when j is divided by z.
2
Let h = 5 + 1. Suppose 0 = 8*g - 3*g - 10. What is the remainder when h is divided by g?
0
Let n(m) be the third derivative of 1/2*m**3 + 0 - 1/60*m**6 + 0*m + m**2 - 1/15*m**5 + 1/12*m**4. What is the remainder when 43 is divided by n(-3)?
13
Let s(z) = 4*z**2 - 32*z + 25. Let x(i) = -i**2 + 8*i - 6. Let n(g) = 2*s(g) + 9*x(g). Calculate the remainder when 22 is divided by n(6).
6
Suppose w = -2 + 5. Let p = -69 + 80. What is the remainder when p is divided by w?
2
Let p be 24/(-40) - (-4)/(-10). Let m(x) = -13*x + 1. What is the remainder when 55 is divided by m(p)?
13
Suppose -5*l = b - 5, -3*b = 5*l - 8*l - 33. What is the remainder when 28 is divided by b?
8
Suppose 0 = -5*p + 115 + 20. What is the remainder when p is divided by 10?
7
Let k(i) = -i**2 - i + 26. What is the remainder when k(0) is divided by 7/5*4*(-15)/(-12)?
5
Let q(k) = k**2 + 4*k - 4. Let x be (2/(-4))/((-3)/(-30)). Calculate the remainder when 2 is divided by q(x).
0
Suppose -28 = 16*z - 23*z. What is the remainder when 15 is divided by z?
3
Let d(t) = t**2 + 9*t + 31. What is the remainder when d(-9) is divided by 5?
1
Let g(k) = -k**2 - 5*k + 7. Let c be g(-5). Suppose c*n = 2*n - 105. What is the remainder when 23 is divided by (24/(-14))/(3/n)?
11
Let c(r) = -4*r + 168. What is the remainder when c(0) is divided by 43?
39
Let d(w) = -w - 8. Calculate the remainder when 42/(-9)*(-15)/2 is divided by d(-20).
11
Let d(o) = -o**2 - 7*o + 7. Let a be -1*4*(-9)/(-6). Suppose -2*b - 3*b = -25. Calculate the remainder when d(a) is divided by b.
3
Let g(i) = -i**2 - 8*i - 3. Let t be g(-7). Suppose 3*k = 15, 2 = t*u + 4*k - 26. What is the remainder when u is divided by (4/8)/(2/4)?
0
Suppose -3*y = 2*g + y - 18, 2*y = g - 13. Calculate the remainder when 19 is divided by g.
8
Let t(k) = k**3 + 8*k**2 - 4*k + 2. Let s be t(-6). Suppose -3*a = -a - s. Let d = a - 27. What is the remainder when d is divided by 8?
6
Suppose -t = 5*z - 12, t - 15 = z + 9. What is the remainder when 42 is divided by 1 + -1 + t/2?
9
Let p(t) = -t**3 - 21*t**2 + 20*t - 30. Calculate the remainder when p(-22) is divided by 12.
2
Let k(v) = -4 - 7*v - v**2 + 0 - 2. What is the remainder when 16 is divided by k(-4)?
4
Suppose w + 4*w = 35. What is the remainder when 3/(6/(-16))*80/(-32) is divided by w?
6
Suppose -16 = 2*q - 4*d, -d = -0 - 1. Let r(p) = -p**3 - 5*p**2 + 4*p + 14. What is the remainder when 103 is divided by r(q)?
25
Suppose -4*v + 14 + 14 = 0. Suppose -2*j = o - 1, 4*o = j - v + 38. What is the remainder when 11 is divided by o?
4
Let y(a) = a - 1. Let l be y(7). Suppose l = 2*x - 28. Calculate the remainder when x is divided by 5.
2
Suppose -k - 3*m = -8*m - 21, 5*k + m - 105 = 0. Let z = k - -10. Suppose 20 = 2*w - 2. What is the remainder when z is divided by w?
9
Let d(w) = 8*w**2 + 2*w + 2. Suppose -4*i = 12 - 4. What is the remainder when d(i) is divided by 16?
14
Let x(s) = -s + 2. Let o be x(0). Let u(k) = -6*k**2 - 5*k**o + 14*k + 12 - 3*k + k**3. What is the remainder when u(10) is divided by 12?
10
Let v be 0/1 + -1 + -1. What is the remainder when 6*4*(3 + v) is divided by 13?
11
Suppose -2*b - 3 = -5*b. Let v be 4/((2/16)/b). Suppose v = 5*w - 43. What is the remainder when 43 is divided by w?
13
Let q(w) = -57*w + 2. What is the remainder when q(-1) is divided by 15?
14
Let r(b) = -b + 15. What is the remainder when 39 is divided by r(8)?
4
Let i(b) = b**2 - 4*b + 2. Let t(l) = -l**3 - 4*l**2 + 4*l - 1. Let h be t(-5). What is the remainder when i(h) is divided by (2/(-6))/1*-6?
0
Let c = 140 + -67. Let k = 146 - c. What is the remainder when k is divided by 25?
23
Suppose -2*i = 2*z + 5 - 3, 4*i = 2*z + 14. What is the remainder when 2 - 67/(-3 + i) is divided by 36?
33
Suppose -4*m + 0*m + 92 = 3*p, -5*p = -4*m - 132. What is the remainder when 111 is divided by p?
27
Let a = -7 - -23. Let c = a + -4. Calculate the remainder when 33 is divided by c.
9
Suppose -h + 2 = -10. What is the remainder when 58 is divided by h?
10
Let n(h) = 13*h + h - 2*h. Suppose -p - x = -8, -x = 3*p + p - 47. Calculate the remainder when n(2) is divided by p.
11
Suppose -4*c + 27 + 33 = 0. What is the remainder when 74 is divided by c?
14
Suppose 4*b - 2*i - 148 = 0, 4*b + 0*i - 148 = i. Calculate the remainder when b is divided by 20.
17
Suppose 2*m = 2*d + 74, -4*m = -6*d + 3*d - 148. Calculate the remainder when m is divided by 81/4 - 5/20.
17
Let g = 33 + -4. Calculate the remainder when g is divided by ((-10)/(-8))/((-2)/(-16)).
9
Suppose 0 = o + 5*y - 8, 2*o - 32 = -2*o - 5*y. What is the remainder when 15 is divided by o?
7
Let f(w) = -2*w. Let h be f(-8). Suppose -o + 33 = -h. What is the remainder when o is divided by 13?
10
Let p = 10 + -7. Suppose 15 = p*y + 3. Let j = 13 + y. What is the remainder when j is divided by 6?
5
Suppose -i + 29 = 3*k - 20, -i - 36 = -2*k. Suppose -2*t = -r - 129, 0*t = 3*t + 5*r - 200. Calculate the remainder when t is divided by k.
14
Suppose -4*a + 52 = -0*a. Calculate the remainder when 25 is divided by a.
12
Suppose -2*l = 2 + 2, -4*g - l + 66 = 0. Suppose 2*w = -2*w. Suppose -2*o + 12 + 0 = w. What is the remainder when g is divided by o?
5
Let c(m) = -m**2 - 7*m - 6. Calculate the remainder when 35 is divided by c(-4).
5
Let p be 2/6 + 64/6. Let q = p + -7. Suppose n = 9 + 2. What is the remainder when n is divided by q?
3
What is the remainder when 72 is divided by (-4 - -5)/((6/(-52))/(-3))?
20
Let n = 11 - -1. What is the remainder when 1 + n + 2 + -3 is divided by 7?
5
Let l(h) = -3*h**2 + 4*h + 3. Let k(y) = 2*y**2 - 2*y - 1. Let d(i) = 5*k(i) + 3*l(i). Calculate the remainder when d(-5) is divid